{"id":10591,"date":"2019-08-14T15:45:53","date_gmt":"2019-08-14T19:45:53","guid":{"rendered":"https:\/\/caribbeancinemas.com\/?page_id=10591"},"modified":"2019-08-20T11:00:22","modified_gmt":"2019-08-20T15:00:22","slug":"","status":"publish","type":"page","link":"https:\/\/caribbeancinemas.com\/fanc\/romeo-santos\/","title":{"rendered":"","raw":""},"content":{"rendered":"","protected":false,"raw":""},"excerpt":{"rendered":"","protected":false,"raw":""},"author":1,"featured_media":0,"parent":0,"menu_order":0,"comment_status":"closed","ping_status":"closed","template":"","meta":{"_es_post_content":"","_es_post_name":"","_es_post_excerpt":"","_es_post_title":"","_esrd_post_content":"","_esrd_post_name":"","_esrd_post_excerpt":"","_esrd_post_title":"","_enrd_post_content":"","_enrd_post_name":"","_enrd_post_excerpt":"","_enrd_post_title":"","_fanc_post_content":"","_fanc_post_name":"","_fanc_post_excerpt":"","_fanc_post_title":"","_antigua_en_post_content":"","_antigua_en_post_name":"","_antigua_en_post_excerpt":"","_antigua_en_post_title":"","_aruba_en_post_content":"","_aruba_en_post_name":"","_aruba_en_post_excerpt":"","_aruba_en_post_title":"","_guyana_en_post_content":"","_guyana_en_post_name":"","_guyana_en_post_excerpt":"","_guyana_en_post_title":"","_stcroix_en_post_content":"","_stcroix_en_post_name":"","_stcroix_en_post_excerpt":"","_stcroix_en_post_title":"","_stkitts_en_post_content":"","_stkitts_en_post_name":"","_stkitts_en_post_excerpt":"","_stkitts_en_post_title":"","_stlucia_en_post_content":"","_stlucia_en_post_name":"","_stlucia_en_post_excerpt":"","_stlucia_en_post_title":"","_stmaarten_en_post_content":"","_stmaarten_en_post_name":"","_stmaarten_en_post_excerpt":"","_stmaarten_en_post_title":"","_stthomas_en_post_content":"","_stthomas_en_post_name":"","_stthomas_en_post_excerpt":"","_stthomas_en_post_title":"","_trinidad_en_post_content":"","_trinidad_en_post_name":"","_trinidad_en_post_excerpt":"","_trinidad_en_post_title":"","_fr_post_content":"","_fr_post_name":"","_fr_post_excerpt":"","_fr_post_title":"","_arubaes_post_content":"","_arubaes_post_name":"","_arubaes_post_excerpt":"","_arubaes_post_title":"","_bolivia_post_content":"","_bolivia_post_name":"","_bolivia_post_excerpt":"","_bolivia_post_title":"","_curacao_post_content":"","_curacao_post_name":"","_curacao_post_excerpt":"","_curacao_post_title":"","_gt_post_content":"","_gt_post_name":"","_gt_post_excerpt":"","_gt_post_title":"","_panama_post_content":"","_panama_post_name":"","_panama_post_excerpt":"","_panama_post_title":"","_fineartsmiramar_post_content":"","_fineartsmiramar_post_name":"","_fineartsmiramar_post_excerpt":"","_fineartsmiramar_post_title":"","_fineartspopular_post_content":"","_fineartspopular_post_name":"","_fineartspopular_post_excerpt":"","_fineartspopular_post_title":"","_en_post_content":"<img class=\"size-full wp-image-10592 aligncenter\" src=\"https:\/\/caribbeancinemas.com\/wp-content\/uploads\/2019\/08\/romeo-bannerCINEMASCLUB.jpg\" alt=\"\" width=\"1603\" height=\"500\" \/>\r\n<h3 style=\"color: black;\" align=\"justify\">Bases del Concurso Casting Romeista<\/h3>\r\n<p style=\"color: black;\" align=\"justify\"><b>1. Participantes\r\n<\/b>\r\nPueden participar en esta convocatoria cualquier persona mayor de edad, con independencia de su nacionalidad y lugar de residencia.\r\nQuedan excluidos de la participaci\u00f3n en este concurso los empleados de Grupo Caribbean Cinemas y\/o cualquier persona que colabore profesionalmente en la organizaci\u00f3n del concurso y miembros del jurado.<\/p>\r\n<p style=\"color: black;\" align=\"justify\"><b>2. Concepto<\/b><\/p>\r\n<p style=\"color: black;\" align=\"justify\">Tiene cabida en este concurso la participaci\u00f3n de toda aquella persona que cumpla correctamente con todos los pasos descritos bajo el concepto de CASTING ROMEISTA.<\/p>\r\n<p style=\"color: black;\" align=\"justify\"><b>3. Requisitos de participaci\u00f3n\r\n<\/b>\r\nTodos los participantes deben ser socios activos de Cinemas Club.\r\nNO pueden ser empleados de grupo Caribbean Cinemas.<\/p>\r\n<p style=\"color: black;\" align=\"justify\"><b>4. Mec\u00e1nica de participaci\u00f3n\r\n<\/b><\/p>\r\n<p style=\"color: black;\" align=\"justify\">La mec\u00e1nica ser\u00e1 para participaci\u00f3n exclusive de redes sociales. Detallo debajo:<\/p>\r\n<p style=\"color: black;\" align=\"justify\">Da like al post<\/p>\r\n<p style=\"color: black;\" align=\"&quot;justify\">Dale mention a tu acompa\u00f1ante ideal.<\/p>\r\n<p style=\"color: black;\" align=\"&quot;justify\">Menciona tu canci\u00f3n favorita de UTOPIA.<\/p>\r\n<p style=\"color: black;\" align=\"&quot;justify\">Sigue las cuentas @caribbeancinemasrd @cinemasclub @caribbeantvrd.<\/p>\r\n<p style=\"color: black;\" align=\"justify\"><b>5. \u00c1mbito geogr\u00e1fico del concurso\r\n<\/b>\r\nEl Concurso se desarrollar\u00e1 a trav\u00e9s de redes sociales (Instagram) y en algunos cines. Tendr\u00e1 un \u00e1mbito nacional. S\u00f3lo valido en Rep\u00fablica Dominicana.<\/p>\r\n<p style=\"color: black;\" align=\"justify\"><b>6. Idioma de referencia del concurso.\r\n<\/b>\r\nEspa\u00f1ol.<\/p>\r\n<p style=\"color: black;\" align=\"justify\"><b>7. Calendario\r\n<\/b>\r\nLos participantes podr\u00e1n participar desde el mi\u00e9rcoles 14 hasta el viernes 30 de agosto.\r\nEl ganador ser\u00e1 anunciado el mi\u00e9rcoles 4 de septiembre a las 6:00 pm por un LIVE desde la cuenta de Cinemas Club y Caribbean Cinemas de forma simult\u00e1nea.<\/p>\r\n<p style=\"color: black;\" align=\"justify\"><b>8. Selecci\u00f3n de ganadores\r\n<\/b>\r\nSe elegir\u00e1n de manera al az\u00e1r, y se anunciar\u00e1 en las redes sociales del grupo.<\/p>\r\n<p style=\"color: black;\" align=\"justify\"><b>9. Premios<\/b><\/p>\r\n<p style=\"color: black;\" align=\"justify\">El participante recibir\u00e1 para \u00e9l y un acompa\u00f1ante:<\/p>\r\n\r\n<ul>\r\n \t<li>\r\n<p style=\"color: black;\" align=\"justify\">Boleto ida y vuelta Santo Domingo \u2013 New Jersey.<\/p>\r\n<\/li>\r\n \t<li>\r\n<p style=\"color: black;\" align=\"justify\">Entradas al concierto de Romeo Santos en el METLIFE, s\u00e1bado 21 de septiembre del 2019<\/p>\r\n<\/li>\r\n<\/ul>\r\n<p style=\"color: black;\" align=\"justify\"><b>10. Aceptaci\u00f3n t\u00e1ctica de las bases.<\/b><\/p>\r\n<p style=\"color: black;\" align=\"justify\">La participaci\u00f3n en este concurso supone la aceptaci\u00f3n de estas bases en su totalidad.\r\n<p style=\"color: black;\" align=\"justify\">Caribbean Cinemas se reserva el derecho de modificar las condiciones del presente concurso en cualquier momento dentro del plazo de participaci\u00f3n en el concurso, e incluso de anularlo o dejarlo sin efecto, siempre que concurra causa justificada para ello.\r\n<p style=\"color: black;\" align=\"justify\">En todo caso, se compromete a comunicar a trav\u00e9s de su p\u00e1gina web y cuentas de RRSS las bases modificadas, o en su caso, la anulaci\u00f3n del concurso en su conjunto, de forma que todos los participantes tengan acceso a dicha informaci\u00f3n.<\/p>","_en_post_name":"romeo-santos","_en_post_excerpt":"","_en_post_title":"Romeo Santos","edit_language":"fanc"},"yoast_head":"<!-- This site is optimized with the Yoast SEO plugin v16.2 - https:\/\/yoast.com\/wordpress\/plugins\/seo\/ -->\n<meta name=\"robots\" content=\"index, follow, max-snippet:-1, max-image-preview:large, max-video-preview:-1\" \/>\n<link rel=\"canonical\" href=\"https:\/\/caribbeancinemas.com\/romeo-santos\/\" \/>\n<meta property=\"og:locale\" content=\"es_ES\" \/>\n<meta property=\"og:type\" content=\"article\" \/>\n<meta property=\"og:title\" content=\"Romeo Santos | Caribbean Cinemas\" \/>\n<meta property=\"og:description\" content=\"Bases del Concurso Casting Romeista 1. Participantes Pueden participar en esta convocatoria cualquier persona mayor de edad, con independencia de su nacionalidad y lugar de residencia. Quedan excluidos de la participaci\u00f3n en este concurso los empleados de Grupo Caribbean Cinemas y\/o cualquier persona que colabore profesionalmente en la organizaci\u00f3n del concurso y miembros del jurado.... Leer m\u00e1s &raquo;\" \/>\n<meta property=\"og:url\" content=\"https:\/\/caribbeancinemas.com\/romeo-santos\/\" \/>\n<meta property=\"og:site_name\" content=\"Caribbean Cinemas\" \/>\n<meta property=\"article:publisher\" content=\"https:\/\/www.facebook.com\/caribbeancinemas\" \/>\n<meta property=\"article:modified_time\" content=\"2019-08-20T15:00:22+00:00\" \/>\n<meta property=\"og:image\" content=\"https:\/\/caribbeancinemas.com\/wp-content\/uploads\/2019\/08\/romeo-bannerCINEMASCLUB.jpg\" \/>\n<meta name=\"twitter:card\" content=\"summary\" \/>\n<meta name=\"twitter:label1\" content=\"Tiempo de lectura\">\n\t<meta name=\"twitter:data1\" content=\"2 minutes\">\n<script type=\"application\/ld+json\" class=\"yoast-schema-graph\">{\"@context\":\"https:\/\/schema.org\",\"@graph\":[{\"@type\":\"WebSite\",\"@id\":\"https:\/\/caribbeancinemas.com\/#website\",\"url\":\"https:\/\/caribbeancinemas.com\/\",\"name\":\"Caribbean Cinemas\",\"description\":\"\",\"potentialAction\":[{\"@type\":\"SearchAction\",\"target\":\"https:\/\/caribbeancinemas.com\/?s={search_term_string}\",\"query-input\":\"required name=search_term_string\"}],\"inLanguage\":\"es-ES\"},{\"@type\":\"ImageObject\",\"@id\":\"https:\/\/caribbeancinemas.com\/romeo-santos\/#primaryimage\",\"inLanguage\":\"es-ES\",\"url\":\"https:\/\/caribbeancinemas.com\/wp-content\/uploads\/2019\/08\/romeo-bannerCINEMASCLUB.jpg\",\"contentUrl\":\"https:\/\/caribbeancinemas.com\/wp-content\/uploads\/2019\/08\/romeo-bannerCINEMASCLUB.jpg\",\"width\":1603,\"height\":500},{\"@type\":\"WebPage\",\"@id\":\"https:\/\/caribbeancinemas.com\/romeo-santos\/#webpage\",\"url\":\"https:\/\/caribbeancinemas.com\/romeo-santos\/\",\"name\":\"Romeo Santos | Caribbean Cinemas\",\"isPartOf\":{\"@id\":\"https:\/\/caribbeancinemas.com\/#website\"},\"primaryImageOfPage\":{\"@id\":\"https:\/\/caribbeancinemas.com\/romeo-santos\/#primaryimage\"},\"datePublished\":\"2019-08-14T19:45:53+00:00\",\"dateModified\":\"2019-08-20T15:00:22+00:00\",\"breadcrumb\":{\"@id\":\"https:\/\/caribbeancinemas.com\/romeo-santos\/#breadcrumb\"},\"inLanguage\":\"es-ES\",\"potentialAction\":[{\"@type\":\"ReadAction\",\"target\":[\"https:\/\/caribbeancinemas.com\/romeo-santos\/\"]}]},{\"@type\":\"BreadcrumbList\",\"@id\":\"https:\/\/caribbeancinemas.com\/romeo-santos\/#breadcrumb\",\"itemListElement\":[{\"@type\":\"ListItem\",\"position\":1,\"item\":{\"@type\":\"WebPage\",\"@id\":\"https:\/\/caribbeancinemas.com\/\",\"url\":\"https:\/\/caribbeancinemas.com\/\",\"name\":\"Home\"}},{\"@type\":\"ListItem\",\"position\":2,\"item\":{\"@id\":\"https:\/\/caribbeancinemas.com\/romeo-santos\/#webpage\"}}]}]}<\/script>\n<!-- \/ Yoast SEO plugin. -->","_links":{"self":[{"href":"https:\/\/caribbeancinemas.com\/fanc\/wp-json\/wp\/v2\/pages\/10591"}],"collection":[{"href":"https:\/\/caribbeancinemas.com\/fanc\/wp-json\/wp\/v2\/pages"}],"about":[{"href":"https:\/\/caribbeancinemas.com\/fanc\/wp-json\/wp\/v2\/types\/page"}],"author":[{"embeddable":true,"href":"https:\/\/caribbeancinemas.com\/fanc\/wp-json\/wp\/v2\/users\/1"}],"replies":[{"embeddable":true,"href":"https:\/\/caribbeancinemas.com\/fanc\/wp-json\/wp\/v2\/comments?post=10591"}],"version-history":[{"count":22,"href":"https:\/\/caribbeancinemas.com\/fanc\/wp-json\/wp\/v2\/pages\/10591\/revisions"}],"predecessor-version":[{"id":10645,"href":"https:\/\/caribbeancinemas.com\/fanc\/wp-json\/wp\/v2\/pages\/10591\/revisions\/10645"}],"wp:attachment":[{"href":"https:\/\/caribbeancinemas.com\/fanc\/wp-json\/wp\/v2\/media?parent=10591"}],"curies":[{"name":"wp","href":"https:\/\/api.w.org\/{rel}","templated":true}]}}