{"id":2924,"date":"2016-08-22T20:15:57","date_gmt":"2016-08-22T20:15:57","guid":{"rendered":"http:\/\/caribbeancinemas.com\/?page_id=2924"},"modified":"2024-05-28T09:26:06","modified_gmt":"2024-05-28T13:26:06","slug":"","status":"publish","type":"page","link":"https:\/\/caribbeancinemas.com\/fanc\/moviesforall\/","title":{"rendered":"","raw":""},"content":{"rendered":"","protected":false,"raw":""},"excerpt":{"rendered":"","protected":false,"raw":""},"author":3,"featured_media":0,"parent":0,"menu_order":0,"comment_status":"closed","ping_status":"closed","template":"","meta":{"_es_post_content":"","_es_post_name":"","_es_post_excerpt":"","_es_post_title":"","_esrd_post_content":"","_esrd_post_name":"","_esrd_post_excerpt":"","_esrd_post_title":"","_enrd_post_content":"","_enrd_post_name":"","_enrd_post_excerpt":"","_enrd_post_title":"","_fanc_post_content":"","_fanc_post_name":"","_fanc_post_excerpt":"","_fanc_post_title":"","_antigua_en_post_content":"","_antigua_en_post_name":"","_antigua_en_post_excerpt":"","_antigua_en_post_title":"","_aruba_en_post_content":"","_aruba_en_post_name":"","_aruba_en_post_excerpt":"","_aruba_en_post_title":"","_guyana_en_post_content":"","_guyana_en_post_name":"","_guyana_en_post_excerpt":"","_guyana_en_post_title":"","_stcroix_en_post_content":"","_stcroix_en_post_name":"","_stcroix_en_post_excerpt":"","_stcroix_en_post_title":"","_stkitts_en_post_content":"","_stkitts_en_post_name":"","_stkitts_en_post_excerpt":"","_stkitts_en_post_title":"","_stlucia_en_post_content":"","_stlucia_en_post_name":"","_stlucia_en_post_excerpt":"","_stlucia_en_post_title":"","_stmaarten_en_post_content":"","_stmaarten_en_post_name":"","_stmaarten_en_post_excerpt":"","_stmaarten_en_post_title":"","_stthomas_en_post_content":"","_stthomas_en_post_name":"","_stthomas_en_post_excerpt":"","_stthomas_en_post_title":"","_trinidad_en_post_content":"","_trinidad_en_post_name":"","_trinidad_en_post_excerpt":"","_trinidad_en_post_title":"","_fr_post_content":"","_fr_post_name":"","_fr_post_excerpt":"","_fr_post_title":"","_arubaes_post_content":"","_arubaes_post_name":"","_arubaes_post_excerpt":"","_arubaes_post_title":"","_bolivia_post_content":"&nbsp;\r\n<p style=\"text-align: center;\"><img class=\"alignnone wp-image-2925 size-medium\" src=\"http:\/\/caribbeancinemas.com\/wp-content\/uploads\/2016\/08\/cpt-229x300.png\" alt=\"cpt\" width=\"229\" height=\"300\" \/><\/p>\r\nCaribbean Cinemas se complace en presentar\u00a0Cine Para Todos, cuyo prop\u00f3sito es ofrecer un ambiente agradable a ni\u00f1os, j\u00f3venes y adultos con autismo o con necesidades especiales al momento de ir al cine. Se exhibir\u00e1n tandas con iluminaci\u00f3n y volumen bajo para que se sientan c\u00f3modos y en libertad de expresarse mientras ven la pel\u00edcula. Las tandas ser\u00e1n ciertos s\u00e1bados a las 11:30am en los cines participantes. El precio de las taquillas ser\u00e1 igual a la tarifa regular del cine.\r\n\r\n<strong>CINES PARTICIPANTES:<\/strong>\r\n\r\n<strong>Arecibo Cinemas<\/strong>\r\n<strong> Las Catalinas (Caguas)<\/strong>\r\n<strong> Fajardo Cinemas<\/strong>\r\n<strong> Plaza del Caribe (Ponce)<\/strong>\r\n<strong> Plaza del Sol (Bayam\u00f3n)<\/strong>\r\n<strong> Plaza Escorial (Carolina)<\/strong>\r\n<strong> Plaza Guaynabo<\/strong>\r\n<strong> Western Plaza (Mayag\u00fcez)<\/strong>\r\n\r\nA continuaci\u00f3n algunas de las pel\u00edculas que exhibiremos en Cine Para Todos en Caribbean Cinemascon tandas a las 11:30am (itinerario sujeto a cambios):\r\n\r\n<hr \/>\r\n<p style=\"text-align: center;\"><strong>COMING SOON<\/strong><img class=\"wp-image-7111 size-large aligncenter\" src=\"http:\/\/caribbeancinemas.com\/wp-content\/uploads\/2018\/07\/Ralph-Breaks-the-Internet-1024x429.jpg\" alt=\"\" width=\"680\" height=\"285\" \/><\/p>\r\n&nbsp;\r\n\r\n&lt;\r\n<table width=\"585\">\r\n<tbody>\r\n<tr>\r\n<td style=\"text-align: center;\" width=\"375\">GNOMEO &amp; JULIET: SHERLOCK GNOMES<\/td>\r\n<td style=\"text-align: center;\" width=\"211\">Marzo 24, 2018<\/td>\r\n<\/tr>\r\n<tr>\r\n<td style=\"text-align: center;\" width=\"375\">AVENGERS: INFINITY WAR<\/td>\r\n<td style=\"text-align: center;\" width=\"211\">Mayo 5, 2018<\/td>\r\n<\/tr>\r\n<tr>\r\n<td style=\"text-align: center;\" width=\"375\">SHOW DOGS<\/td>\r\n<td style=\"text-align: center;\" width=\"211\">Mayo 19, 2018<\/td>\r\n<\/tr>\r\n<tr>\r\n<td style=\"text-align: center;\" width=\"375\">SOLO: A STAR WARS STORY<\/td>\r\n<td style=\"text-align: center;\" width=\"211\">Mayo 26, 2018<\/td>\r\n<\/tr>\r\n<tr>\r\n<td style=\"text-align: center;\" width=\"375\">THE INCREDIBLES 2<\/td>\r\n<td style=\"text-align: center;\" width=\"211\">Junio 16, 2018<\/td>\r\n<\/tr>\r\n<tr>\r\n<td style=\"text-align: center;\" width=\"375\">ANT-MAN AND THE WASP<\/td>\r\n<td style=\"text-align: center;\" width=\"211\">Julio 7, 2018<\/td>\r\n<\/tr>\r\n<tr>\r\n<td style=\"text-align: center;\" width=\"375\">HOTEL TRANSYLVANIA 3<\/td>\r\n<td style=\"text-align: center;\" width=\"211\">Julio 14, 2018<\/td>\r\n<\/tr>\r\n<tr>\r\n<td style=\"text-align: center;\" width=\"375\">TEEN TITANS GO! TO THE MOVIES<\/td>\r\n<td style=\"text-align: center;\" width=\"211\">Julio 28, 2018<\/td>\r\n<\/tr>\r\n<tr>\r\n<td style=\"text-align: center;\" width=\"375\">GOODBYE CHRISTOPHER ROBIN<\/td>\r\n<td style=\"text-align: center;\" width=\"211\">Agosto 4, 2018<\/td>\r\n<\/tr>\r\n<tr>\r\n<td style=\"text-align: center;\" width=\"375\">SMALLFOOT<\/td>\r\n<td style=\"text-align: center;\" width=\"211\">Septiembre 29, 2018<\/td>\r\n<\/tr>\r\n<tr>\r\n<td style=\"text-align: center;\" width=\"375\">GOOSEBUMPS: HORRORLAND<\/td>\r\n<td style=\"text-align: center;\" width=\"211\">Octubre 13, 2018<\/td>\r\n<\/tr>\r\n<tr>\r\n<td style=\"text-align: center;\" width=\"375\">RALPH BREAKS THE INTERNET<\/td>\r\n<td style=\"text-align: center;\" width=\"211\">Noviembre 24, 2018<\/td>\r\n<\/tr>\r\n<tr>\r\n<td style=\"text-align: center;\" width=\"375\">SPIDER-MAN INTO THE SPIDER-VERSE<\/td>\r\n<td style=\"text-align: center;\" width=\"211\">Diciembre 15, 2018<\/td>\r\n<\/tr>\r\n<tr>\r\n<td style=\"text-align: center;\" width=\"375\">BUMBLEBEE<\/td>\r\n<td style=\"text-align: center;\" width=\"211\">Diciembre 22, 2018<\/td>\r\n<\/tr>\r\n<tr>\r\n<td style=\"text-align: center;\" width=\"375\">MARY POPPINS RETURNS<\/td>\r\n<td style=\"text-align: center;\" width=\"211\">Diciembre 29, 2018<\/td>\r\n<\/tr>\r\n<\/tbody>\r\n<\/table>","_bolivia_post_name":"moviesforall","_bolivia_post_excerpt":"","_bolivia_post_title":"CINE PARA TODOS","_curacao_post_content":"","_curacao_post_name":"","_curacao_post_excerpt":"","_curacao_post_title":"","_gt_post_content":"","_gt_post_name":"moviesforall","_gt_post_excerpt":"","_gt_post_title":"","_panama_post_content":"","_panama_post_name":"","_panama_post_excerpt":"","_panama_post_title":"","_fineartsmiramar_post_content":"","_fineartsmiramar_post_name":"","_fineartsmiramar_post_excerpt":"","_fineartsmiramar_post_title":"","_fineartspopular_post_content":"","_fineartspopular_post_name":"","_fineartspopular_post_excerpt":"","_fineartspopular_post_title":"","_en_post_content":"<img class=\"aligncenter wp-image-2926 size-medium\" src=\"http:\/\/caribbeancinemas.com\/wp-content\/uploads\/2016\/08\/logo_ingl\u00e9s-267x300.png\" alt=\"logo_ingl\u00e9s\" width=\"267\" height=\"300\" \/>\r\n\r\nCaribbean Cinemas is pleased to present Movies for All, with the purpose to provide a pleasant environment for children, youth and adults with autism or special needs, when going to the movies. These showings will have the lights up and the sound turned down so they feel comfortable and free to express themselves as they watch the film. The showings will be on certain Saturdays at 1:00 pm at participating theaters. The ticket price will be the same as the regular rate of cinema.\r\n\r\n<strong>PARTICIPATING THEATERS:<\/strong>\r\n\r\n<del><strong>Arecibo Cinemas<\/strong><\/del><strong> (en remodelaci\u00f3n)<\/strong>\r\n<strong> Las Catalinas (Caguas)<\/strong>\r\n<strong>Montehiedra\r\nPlaza del Caribe (Ponce)\r\n<\/strong><strong>Plaza Escorial (Carolina)\r\nPlaza del Sol (Bayam\u00f3n)<\/strong>\r\n<strong>Plaza Guaynabo<\/strong>\r\n<strong> Western Plaza (Mayag\u00fcez)<\/strong>\r\n<p style=\"text-align: center;\">Below are some of the movies that will present in Movies for All in Caribbean Cinemas with shows at 1:00pm (schedule subject to change):<\/p>\r\n\r\n\r\n<hr \/>\r\n<p style=\"text-align: center;\"><strong>COMING SOON<\/strong><\/p>\r\n&nbsp;\r\n<table width=\"585\">\r\n<tbody>\r\n<tr>\r\n<td style=\"text-align: center;\" width=\"375\">\r\n<h4>Soul<\/h4>\r\n<\/td>\r\n<td style=\"text-align: center;\" width=\"211\">January 13, 2024<\/td>\r\n<\/tr>\r\n<tr>\r\n<td style=\"text-align: center;\" width=\"375\">\r\n<h4>Turning Red<\/h4>\r\n<\/td>\r\n<td style=\"text-align: center;\" width=\"211\">February 10, 2024<\/td>\r\n<\/tr>\r\n<tr>\r\n<td style=\"text-align: center;\" width=\"375\">\r\n<h4>Madame Web<\/h4>\r\n<\/td>\r\n<td style=\"text-align: center;\" width=\"211\">February 17, 2024<\/td>\r\n<\/tr>\r\n<tr>\r\n<td style=\"text-align: center;\" width=\"375\">\r\n<h4>Dune: Part II<\/h4>\r\n<\/td>\r\n<td style=\"text-align: center;\" width=\"211\">March 2, 2024<\/td>\r\n<\/tr>\r\n<tr>\r\n<td style=\"text-align: center;\" width=\"375\">\r\n<h4>Kung Fu Panda 4<\/h4>\r\n<\/td>\r\n<td style=\"text-align: center;\" width=\"211\">March 9, 2024<\/td>\r\n<\/tr>\r\n<tr>\r\n<td style=\"text-align: center;\" width=\"375\">\r\n<h4>Luca<\/h4>\r\n<\/td>\r\n<td style=\"text-align: center;\" width=\"211\">March 23, 2024<\/td>\r\n<\/tr>\r\n<tr>\r\n<td style=\"text-align: center;\" width=\"375\">\r\n<h4>Ghostbusters: Frozen Empire<\/h4>\r\n<\/td>\r\n<td style=\"text-align: center;\" width=\"211\">March 30, 2024<\/td>\r\n<\/tr>\r\n<tr>\r\n<td style=\"text-align: center;\" width=\"375\">\r\n<h4>Capit\u00e1n Avispa<\/h4>\r\n<\/td>\r\n<td style=\"text-align: center;\" width=\"211\">April 13, 2024<\/td>\r\n<\/tr>\r\n<tr>\r\n<td style=\"text-align: center;\" width=\"375\">\r\n<h4>A Cat's Life<\/h4>\r\n<\/td>\r\n<td style=\"text-align: center;\" width=\"211\">April 20, 2024<\/td>\r\n<\/tr>\r\n<tr>\r\n<td style=\"text-align: center;\" width=\"375\">\r\n<h4>Kingdom of the Planet of the Apes<\/h4>\r\n<\/td>\r\n<td style=\"text-align: center;\" width=\"211\">May 11, 2024<\/td>\r\n<\/tr>\r\n<tr>\r\n<td style=\"text-align: center;\" width=\"375\">\r\n<h4>If<\/h4>\r\n<\/td>\r\n<td style=\"text-align: center;\" width=\"211\">May 18, 2024<\/td>\r\n<\/tr>\r\n<tr>\r\n<td style=\"text-align: center;\" width=\"375\">\r\n<h4>The Garfield Movie<\/h4>\r\n<\/td>\r\n<td style=\"text-align: center;\" width=\"211\">May 25, 2024<\/td>\r\n<\/tr>\r\n<tr>\r\n<td style=\"text-align: center;\" width=\"375\">\r\n<h4>Inside Out 2<\/h4>\r\n<\/td>\r\n<td style=\"text-align: center;\" width=\"211\">June 15, 2024<\/td>\r\n<\/tr>\r\n<tr>\r\n<td style=\"text-align: center;\" width=\"375\">\r\n<h4>Despicable Me 4<\/h4>\r\n<\/td>\r\n<td style=\"text-align: center;\" width=\"211\">July 6, 2024<\/td>\r\n<\/tr>\r\n<tr>\r\n<td style=\"text-align: center;\" width=\"375\">\r\n<h4>Twisters<\/h4>\r\n<\/td>\r\n<td style=\"text-align: center;\" width=\"211\">July 20, 2024<\/td>\r\n<\/tr>\r\n<tr>\r\n<td style=\"text-align: center;\" width=\"375\">\r\n<h4>Harold and the Purple Crayon<\/h4>\r\n<\/td>\r\n<td style=\"text-align: center;\" width=\"211\">August 3, 2024<\/td>\r\n<\/tr>\r\n<tr>\r\n<td style=\"text-align: center;\" width=\"375\">\r\n<h4>Beetlejuice, Beetlejuice<\/h4>\r\n<\/td>\r\n<td style=\"text-align: center;\" width=\"211\">September 7, 2024<\/td>\r\n<\/tr>\r\n<tr>\r\n<td style=\"text-align: center;\" width=\"375\">\r\n<h4>Transformers One<\/h4>\r\n<\/td>\r\n<td style=\"text-align: center;\" width=\"211\">September 14, 2024<\/td>\r\n<\/tr>\r\n<tr>\r\n<td style=\"text-align: center;\" width=\"375\">\r\n<h4>Moana 2<\/h4>\r\n<\/td>\r\n<td style=\"text-align: center;\" width=\"211\">November 30, 2024<\/td>\r\n<\/tr>\r\n<tr>\r\n<td style=\"text-align: center;\" width=\"375\">\r\n<h4>Wicked<\/h4>\r\n<\/td>\r\n<td style=\"text-align: center;\" width=\"211\">December 7, 2024<\/td>\r\n<\/tr>\r\n<tr>\r\n<td style=\"text-align: center;\" width=\"375\">\r\n<h4>Karate Kid<\/h4>\r\n<\/td>\r\n<td style=\"text-align: center;\" width=\"211\">December 14, 2024<\/td>\r\n<\/tr>\r\n<tr>\r\n<td style=\"text-align: center;\" width=\"375\">\r\n<h4>Sonic the Hedgehog 3<\/h4>\r\n<\/td>\r\n<td style=\"text-align: center;\" width=\"211\">December 21, 2024<\/td>\r\n<\/tr>\r\n<tr>\r\n<td style=\"text-align: center;\" width=\"375\">\r\n<h4>Mufasa: The Lion King<\/h4>\r\n<\/td>\r\n<td style=\"text-align: center;\" width=\"211\">December 28, 2024<\/td>\r\n<\/tr>\r\n<\/tbody>\r\n<\/table>\r\n<h3><\/h3>","_en_post_name":"moviesforall","_en_post_excerpt":"","_en_post_title":"MOVIES FOR ALL","edit_language":"fanc"},"yoast_head":"<!-- This site is optimized with the Yoast SEO plugin v16.2 - https:\/\/yoast.com\/wordpress\/plugins\/seo\/ -->\n<meta name=\"robots\" content=\"index, follow, max-snippet:-1, max-image-preview:large, max-video-preview:-1\" \/>\n<link rel=\"canonical\" href=\"https:\/\/caribbeancinemas.com\/moviesforall\/\" \/>\n<meta property=\"og:locale\" content=\"es_ES\" \/>\n<meta property=\"og:type\" content=\"article\" \/>\n<meta property=\"og:title\" content=\"MOVIES FOR ALL | Caribbean Cinemas\" \/>\n<meta property=\"og:description\" content=\"Caribbean Cinemas is pleased to present Movies for All, with the purpose to provide a pleasant environment for children, youth and adults with autism or special needs, when going to the movies. These showings will have the lights up and the sound turned down so they feel comfortable and free to express themselves as they... Leer m\u00e1s &raquo;\" \/>\n<meta property=\"og:url\" content=\"https:\/\/caribbeancinemas.com\/moviesforall\/\" \/>\n<meta property=\"og:site_name\" content=\"Caribbean Cinemas\" \/>\n<meta property=\"article:publisher\" content=\"https:\/\/www.facebook.com\/caribbeancinemas\" \/>\n<meta property=\"article:modified_time\" content=\"2024-05-28T13:26:06+00:00\" \/>\n<meta property=\"og:image\" content=\"http:\/\/caribbeancinemas.com\/wp-content\/uploads\/2016\/08\/logo_ingl\u00e9s-267x300.png\" \/>\n<meta name=\"twitter:card\" content=\"summary\" \/>\n<meta name=\"twitter:label1\" content=\"Tiempo de lectura\">\n\t<meta name=\"twitter:data1\" content=\"1 minute\">\n<script type=\"application\/ld+json\" class=\"yoast-schema-graph\">{\"@context\":\"https:\/\/schema.org\",\"@graph\":[{\"@type\":\"WebSite\",\"@id\":\"https:\/\/caribbeancinemas.com\/#website\",\"url\":\"https:\/\/caribbeancinemas.com\/\",\"name\":\"Caribbean Cinemas\",\"description\":\"\",\"potentialAction\":[{\"@type\":\"SearchAction\",\"target\":\"https:\/\/caribbeancinemas.com\/?s={search_term_string}\",\"query-input\":\"required name=search_term_string\"}],\"inLanguage\":\"es-ES\"},{\"@type\":\"ImageObject\",\"@id\":\"https:\/\/caribbeancinemas.com\/moviesforall\/#primaryimage\",\"inLanguage\":\"es-ES\",\"url\":\"http:\/\/caribbeancinemas.com\/wp-content\/uploads\/2016\/08\/logo_ingl\\u00e9s-267x300.png\",\"contentUrl\":\"http:\/\/caribbeancinemas.com\/wp-content\/uploads\/2016\/08\/logo_ingl\\u00e9s-267x300.png\"},{\"@type\":\"WebPage\",\"@id\":\"https:\/\/caribbeancinemas.com\/moviesforall\/#webpage\",\"url\":\"https:\/\/caribbeancinemas.com\/moviesforall\/\",\"name\":\"MOVIES FOR ALL | Caribbean Cinemas\",\"isPartOf\":{\"@id\":\"https:\/\/caribbeancinemas.com\/#website\"},\"primaryImageOfPage\":{\"@id\":\"https:\/\/caribbeancinemas.com\/moviesforall\/#primaryimage\"},\"datePublished\":\"2016-08-22T20:15:57+00:00\",\"dateModified\":\"2024-05-28T13:26:06+00:00\",\"breadcrumb\":{\"@id\":\"https:\/\/caribbeancinemas.com\/moviesforall\/#breadcrumb\"},\"inLanguage\":\"es-ES\",\"potentialAction\":[{\"@type\":\"ReadAction\",\"target\":[\"https:\/\/caribbeancinemas.com\/moviesforall\/\"]}]},{\"@type\":\"BreadcrumbList\",\"@id\":\"https:\/\/caribbeancinemas.com\/moviesforall\/#breadcrumb\",\"itemListElement\":[{\"@type\":\"ListItem\",\"position\":1,\"item\":{\"@type\":\"WebPage\",\"@id\":\"https:\/\/caribbeancinemas.com\/\",\"url\":\"https:\/\/caribbeancinemas.com\/\",\"name\":\"Home\"}},{\"@type\":\"ListItem\",\"position\":2,\"item\":{\"@id\":\"https:\/\/caribbeancinemas.com\/moviesforall\/#webpage\"}}]}]}<\/script>\n<!-- \/ Yoast SEO plugin. -->","_links":{"self":[{"href":"https:\/\/caribbeancinemas.com\/fanc\/wp-json\/wp\/v2\/pages\/2924"}],"collection":[{"href":"https:\/\/caribbeancinemas.com\/fanc\/wp-json\/wp\/v2\/pages"}],"about":[{"href":"https:\/\/caribbeancinemas.com\/fanc\/wp-json\/wp\/v2\/types\/page"}],"author":[{"embeddable":true,"href":"https:\/\/caribbeancinemas.com\/fanc\/wp-json\/wp\/v2\/users\/3"}],"replies":[{"embeddable":true,"href":"https:\/\/caribbeancinemas.com\/fanc\/wp-json\/wp\/v2\/comments?post=2924"}],"version-history":[{"count":37,"href":"https:\/\/caribbeancinemas.com\/fanc\/wp-json\/wp\/v2\/pages\/2924\/revisions"}],"predecessor-version":[{"id":21443,"href":"https:\/\/caribbeancinemas.com\/fanc\/wp-json\/wp\/v2\/pages\/2924\/revisions\/21443"}],"wp:attachment":[{"href":"https:\/\/caribbeancinemas.com\/fanc\/wp-json\/wp\/v2\/media?parent=2924"}],"curies":[{"name":"wp","href":"https:\/\/api.w.org\/{rel}","templated":true}]}}